{"id":1437,"date":"2023-08-03T10:46:05","date_gmt":"2023-08-03T08:46:05","guid":{"rendered":"http:\/\/nagare.tech\/?page_id=1437"},"modified":"2023-11-13T11:43:09","modified_gmt":"2023-11-13T10:43:09","slug":"geotechnique","status":"publish","type":"page","link":"http:\/\/nagare.tech\/?page_id=1437","title":{"rendered":"G\u00e9otechnique"},"content":{"rendered":"\t\t<div data-elementor-type=\"wp-page\" data-elementor-id=\"1437\" class=\"elementor elementor-1437\">\n\t\t\t\t\t\t<section class=\"elementor-section elementor-top-section elementor-element elementor-element-eb4eecd elementor-section-boxed elementor-section-height-default elementor-section-height-default\" data-id=\"eb4eecd\" data-element_type=\"section\" data-e-type=\"section\">\n\t\t\t\t\t\t<div class=\"elementor-container elementor-column-gap-default\">\n\t\t\t\t\t<div class=\"elementor-column elementor-col-100 elementor-top-column elementor-element elementor-element-55399ed\" data-id=\"55399ed\" data-element_type=\"column\" data-e-type=\"column\">\n\t\t\t<div class=\"elementor-widget-wrap elementor-element-populated\">\n\t\t\t\t\t\t<div class=\"elementor-element elementor-element-3ba981b elementor-widget elementor-widget-text-editor\" data-id=\"3ba981b\" data-element_type=\"widget\" data-e-type=\"widget\" data-widget_type=\"text-editor.default\">\n\t\t\t\t<div class=\"elementor-widget-container\">\n\t\t\t\t\t\t\t\t\t<p>Nagar\u00e9 mesure de fa\u00e7on pr\u00e9cise les d\u00e9bits naturels d&rsquo;eau souterraine, ce qui permet de dimensionner au mieux toutes sortes d&rsquo;ouvrages g\u00e9otechniques.<\/p><p>\u00a0<\/p>\t\t\t\t\t\t\t\t<\/div>\n\t\t\t\t<\/div>\n\t\t\t\t\t<\/div>\n\t\t<\/div>\n\t\t\t\t\t<\/div>\n\t\t<\/section>\n\t\t\t\t<section class=\"elementor-section elementor-top-section elementor-element elementor-element-f44aedd elementor-section-boxed elementor-section-height-default elementor-section-height-default\" data-id=\"f44aedd\" data-element_type=\"section\" data-e-type=\"section\">\n\t\t\t\t\t\t<div class=\"elementor-container elementor-column-gap-default\">\n\t\t\t\t\t<div class=\"elementor-column elementor-col-50 elementor-top-column elementor-element elementor-element-2490ef8\" data-id=\"2490ef8\" data-element_type=\"column\" data-e-type=\"column\">\n\t\t\t<div class=\"elementor-widget-wrap elementor-element-populated\">\n\t\t\t\t\t\t<div class=\"elementor-element elementor-element-2dcb304 elementor-widget elementor-widget-e_image_hover_effects\" data-id=\"2dcb304\" data-element_type=\"widget\" data-e-type=\"widget\" data-widget_type=\"e_image_hover_effects.default\">\n\t\t\t\t<div class=\"elementor-widget-container\">\n\t\t\t\t\t\t\t\t<a href=\"http:\/\/nagare.tech\/?page_id=881\">\n\t\t\t\t\t<div class=\"eihe-box eihe-fade-in-up eihe_center\">\n\t\t\t\t<img fetchpriority=\"high\" decoding=\"async\" width=\"2560\" height=\"1857\" src=\"http:\/\/nagare.tech\/wp-content\/uploads\/2023\/07\/fluxxa-scaled.jpg\" class=\"attachment-full size-full wp-image-727\" alt=\"\" srcset=\"http:\/\/nagare.tech\/wp-content\/uploads\/2023\/07\/fluxxa-scaled.jpg 2560w, http:\/\/nagare.tech\/wp-content\/uploads\/2023\/07\/fluxxa-300x218.jpg 300w, http:\/\/nagare.tech\/wp-content\/uploads\/2023\/07\/fluxxa-1024x743.jpg 1024w, http:\/\/nagare.tech\/wp-content\/uploads\/2023\/07\/fluxxa-768x557.jpg 768w, http:\/\/nagare.tech\/wp-content\/uploads\/2023\/07\/fluxxa-1536x1114.jpg 1536w, http:\/\/nagare.tech\/wp-content\/uploads\/2023\/07\/fluxxa-2048x1486.jpg 2048w, http:\/\/nagare.tech\/wp-content\/uploads\/2023\/07\/fluxxa-2000x1451.jpg 2000w, http:\/\/nagare.tech\/wp-content\/uploads\/2023\/07\/fluxxa-600x435.jpg 600w\" sizes=\"100vw\" \/>\t\t\t\t<div class=\"eihe-caption\">\n\t\t\t\t\t<div class=\"eihe-title-cover\">\n\t\t\t\t\t\t\t\t\t\t\t\t<h3 class=\"eihe-title\">Monitoring et dimensionnement de barri\u00e8re hydraulique<\/h3>\n\t\t\t\t\t\t\t\t\t\t\t<\/div>\n\t\t\t\t\t<p><\/p>\n\t\t\t\t<\/div>\n\t\t\t<\/div>\n\t\t\t\t\t<\/a>\n\t\t\t\t\t\t<\/div>\n\t\t\t\t<\/div>\n\t\t\t\t\t<\/div>\n\t\t<\/div>\n\t\t\t\t<div class=\"elementor-column elementor-col-50 elementor-top-column elementor-element elementor-element-0f4f2f6\" data-id=\"0f4f2f6\" data-element_type=\"column\" data-e-type=\"column\">\n\t\t\t<div class=\"elementor-widget-wrap elementor-element-populated\">\n\t\t\t\t\t\t<div class=\"elementor-element elementor-element-ea994b1 elementor-widget elementor-widget-e_image_hover_effects\" data-id=\"ea994b1\" data-element_type=\"widget\" data-e-type=\"widget\" data-widget_type=\"e_image_hover_effects.default\">\n\t\t\t\t<div class=\"elementor-widget-container\">\n\t\t\t\t\t\t\t\t<a href=\"http:\/\/nagare.tech\/?page_id=987\">\n\t\t\t\t\t<div class=\"eihe-box eihe-fade-in-up eihe_center\">\n\t\t\t\t<img decoding=\"async\" width=\"1178\" height=\"809\" src=\"http:\/\/nagare.tech\/wp-content\/uploads\/2023\/07\/model.jpg\" class=\"attachment-full size-full wp-image-728\" alt=\"\" srcset=\"http:\/\/nagare.tech\/wp-content\/uploads\/2023\/07\/model.jpg 1178w, http:\/\/nagare.tech\/wp-content\/uploads\/2023\/07\/model-300x206.jpg 300w, http:\/\/nagare.tech\/wp-content\/uploads\/2023\/07\/model-1024x703.jpg 1024w, http:\/\/nagare.tech\/wp-content\/uploads\/2023\/07\/model-768x527.jpg 768w, http:\/\/nagare.tech\/wp-content\/uploads\/2023\/07\/model-600x412.jpg 600w\" sizes=\"100vw\" \/>\t\t\t\t<div class=\"eihe-caption\">\n\t\t\t\t\t<div class=\"eihe-title-cover\">\n\t\t\t\t\t\t\t\t\t\t\t\t<h3 class=\"eihe-title\">Calibration de mod\u00e8le hydrog\u00e9ologique<\/h3>\n\t\t\t\t\t\t\t\t\t\t\t<\/div>\n\t\t\t\t\t<p><\/p>\n\t\t\t\t<\/div>\n\t\t\t<\/div>\n\t\t\t\t\t<\/a>\n\t\t\t\t\t\t<\/div>\n\t\t\t\t<\/div>\n\t\t\t\t\t<\/div>\n\t\t<\/div>\n\t\t\t\t\t<\/div>\n\t\t<\/section>\n\t\t\t\t<section class=\"elementor-section elementor-top-section elementor-element elementor-element-aa0d07e elementor-section-boxed elementor-section-height-default elementor-section-height-default\" data-id=\"aa0d07e\" data-element_type=\"section\" data-e-type=\"section\">\n\t\t\t\t\t\t<div class=\"elementor-container elementor-column-gap-default\">\n\t\t\t\t\t<div class=\"elementor-column elementor-col-50 elementor-top-column elementor-element elementor-element-e69fa78\" data-id=\"e69fa78\" data-element_type=\"column\" data-e-type=\"column\">\n\t\t\t<div class=\"elementor-widget-wrap elementor-element-populated\">\n\t\t\t\t\t\t<div class=\"elementor-element elementor-element-3466954 elementor-widget elementor-widget-e_image_hover_effects\" data-id=\"3466954\" data-element_type=\"widget\" data-e-type=\"widget\" data-widget_type=\"e_image_hover_effects.default\">\n\t\t\t\t<div class=\"elementor-widget-container\">\n\t\t\t\t\t\t\t\t<a href=\"http:\/\/nagare.tech\/?page_id=1287\">\n\t\t\t\t\t<div class=\"eihe-box eihe-fade-in-up eihe_center\">\n\t\t\t\t<img decoding=\"async\" width=\"1280\" height=\"824\" src=\"http:\/\/nagare.tech\/wp-content\/uploads\/2023\/07\/tunnel-g77438431b_1280.jpg\" class=\"attachment-full size-full wp-image-1305\" alt=\"\" srcset=\"http:\/\/nagare.tech\/wp-content\/uploads\/2023\/07\/tunnel-g77438431b_1280.jpg 1280w, http:\/\/nagare.tech\/wp-content\/uploads\/2023\/07\/tunnel-g77438431b_1280-300x193.jpg 300w, http:\/\/nagare.tech\/wp-content\/uploads\/2023\/07\/tunnel-g77438431b_1280-1024x659.jpg 1024w, http:\/\/nagare.tech\/wp-content\/uploads\/2023\/07\/tunnel-g77438431b_1280-768x494.jpg 768w, http:\/\/nagare.tech\/wp-content\/uploads\/2023\/07\/tunnel-g77438431b_1280-600x386.jpg 600w\" sizes=\"100vw\" \/>\t\t\t\t<div class=\"eihe-caption\">\n\t\t\t\t\t<div class=\"eihe-title-cover\">\n\t\t\t\t\t\t\t\t\t\t\t\t<h3 class=\"eihe-title\">Cong\u00e9lation du sol<\/h3>\n\t\t\t\t\t\t\t\t\t\t\t<\/div>\n\t\t\t\t\t<p><\/p>\n\t\t\t\t<\/div>\n\t\t\t<\/div>\n\t\t\t\t\t<\/a>\n\t\t\t\t\t\t<\/div>\n\t\t\t\t<\/div>\n\t\t\t\t\t<\/div>\n\t\t<\/div>\n\t\t\t\t<div class=\"elementor-column elementor-col-50 elementor-top-column elementor-element elementor-element-f4d9599\" data-id=\"f4d9599\" data-element_type=\"column\" data-e-type=\"column\">\n\t\t\t<div class=\"elementor-widget-wrap elementor-element-populated\">\n\t\t\t\t\t\t<div class=\"elementor-element elementor-element-1a7dfd5 elementor-widget elementor-widget-e_image_hover_effects\" data-id=\"1a7dfd5\" data-element_type=\"widget\" data-e-type=\"widget\" data-widget_type=\"e_image_hover_effects.default\">\n\t\t\t\t<div class=\"elementor-widget-container\">\n\t\t\t\t\t\t\t\t<a href=\"http:\/\/nagare.tech\/?page_id=1356\">\n\t\t\t\t\t<div class=\"eihe-box eihe-fade-in-up eihe_center\">\n\t\t\t\t<img loading=\"lazy\" decoding=\"async\" width=\"2192\" height=\"1053\" src=\"http:\/\/nagare.tech\/wp-content\/uploads\/2023\/08\/pumpin2g-1.jpg\" class=\"attachment-full size-full wp-image-1365\" alt=\"\" srcset=\"http:\/\/nagare.tech\/wp-content\/uploads\/2023\/08\/pumpin2g-1.jpg 2192w, http:\/\/nagare.tech\/wp-content\/uploads\/2023\/08\/pumpin2g-1-300x144.jpg 300w, http:\/\/nagare.tech\/wp-content\/uploads\/2023\/08\/pumpin2g-1-1024x492.jpg 1024w, http:\/\/nagare.tech\/wp-content\/uploads\/2023\/08\/pumpin2g-1-768x369.jpg 768w, http:\/\/nagare.tech\/wp-content\/uploads\/2023\/08\/pumpin2g-1-1536x738.jpg 1536w, http:\/\/nagare.tech\/wp-content\/uploads\/2023\/08\/pumpin2g-1-2048x984.jpg 2048w, http:\/\/nagare.tech\/wp-content\/uploads\/2023\/08\/pumpin2g-1-2000x961.jpg 2000w, http:\/\/nagare.tech\/wp-content\/uploads\/2023\/08\/pumpin2g-1-600x288.jpg 600w\" sizes=\"100vw\" \/>\t\t\t\t<div class=\"eihe-caption\">\n\t\t\t\t\t<div class=\"eihe-title-cover\">\n\t\t\t\t\t\t\t\t\t\t\t\t<h3 class=\"eihe-title\">D\u00e9terminer la conductivit\u00e9 hydraulique<\/h3>\n\t\t\t\t\t\t\t\t\t\t\t<\/div>\n\t\t\t\t\t<p><\/p>\n\t\t\t\t<\/div>\n\t\t\t<\/div>\n\t\t\t\t\t<\/a>\n\t\t\t\t\t\t<\/div>\n\t\t\t\t<\/div>\n\t\t\t\t\t<\/div>\n\t\t<\/div>\n\t\t\t\t\t<\/div>\n\t\t<\/section>\n\t\t\t\t<section class=\"elementor-section elementor-top-section elementor-element elementor-element-56e6e08 elementor-section-boxed elementor-section-height-default elementor-section-height-default\" data-id=\"56e6e08\" data-element_type=\"section\" data-e-type=\"section\">\n\t\t\t\t\t\t<div class=\"elementor-container elementor-column-gap-default\">\n\t\t\t\t\t<div class=\"elementor-column elementor-col-50 elementor-top-column elementor-element elementor-element-14c3485\" data-id=\"14c3485\" data-element_type=\"column\" data-e-type=\"column\">\n\t\t\t<div class=\"elementor-widget-wrap\">\n\t\t\t\t\t\t\t<\/div>\n\t\t<\/div>\n\t\t\t\t<div class=\"elementor-column elementor-col-50 elementor-top-column elementor-element elementor-element-41a2b35\" data-id=\"41a2b35\" data-element_type=\"column\" data-e-type=\"column\">\n\t\t\t<div class=\"elementor-widget-wrap\">\n\t\t\t\t\t\t\t<\/div>\n\t\t<\/div>\n\t\t\t\t\t<\/div>\n\t\t<\/section>\n\t\t\t\t<\/div>\n\t\t","protected":false},"excerpt":{"rendered":"<p>Nagar\u00e9 mesure de fa\u00e7on pr\u00e9cise les d\u00e9bits naturels d&rsquo;eau souterraine, ce qui permet de dimensionner au mieux toutes sortes d&rsquo;ouvrages g\u00e9otechniques. \u00a0 Monitoring et dimensionnement de barri\u00e8re hydraulique Calibration de mod\u00e8le hydrog\u00e9ologique Cong\u00e9lation du sol D\u00e9terminer la conductivit\u00e9 hydraulique<\/p>\n","protected":false},"author":1,"featured_media":0,"parent":0,"menu_order":0,"comment_status":"closed","ping_status":"closed","template":"","meta":{"om_disable_all_campaigns":false,"_monsterinsights_skip_tracking":false,"_monsterinsights_sitenote_active":false,"_monsterinsights_sitenote_note":"","_monsterinsights_sitenote_category":0,"footnotes":""},"class_list":["post-1437","page","type-page","status-publish","hentry"],"aioseo_notices":[],"yoast_head":"<!-- This site is optimized with the Yoast SEO plugin v27.4 - https:\/\/yoast.com\/product\/yoast-seo-wordpress\/ -->\n<title>G\u00e9otechnique - NAGARE<\/title>\n<meta name=\"robots\" content=\"index, follow, max-snippet:-1, max-image-preview:large, max-video-preview:-1\" \/>\n<link rel=\"canonical\" href=\"http:\/\/nagare.tech\/?page_id=1437\" \/>\n<meta property=\"og:locale\" content=\"fr_FR\" \/>\n<meta property=\"og:type\" content=\"article\" \/>\n<meta property=\"og:title\" content=\"G\u00e9otechnique - NAGARE\" \/>\n<meta property=\"og:description\" content=\"Nagar\u00e9 mesure de fa\u00e7on pr\u00e9cise les d\u00e9bits naturels d&rsquo;eau souterraine, ce qui permet de dimensionner au mieux toutes sortes d&rsquo;ouvrages g\u00e9otechniques. \u00a0 Monitoring et dimensionnement de barri\u00e8re hydraulique Calibration de mod\u00e8le hydrog\u00e9ologique Cong\u00e9lation du sol D\u00e9terminer la conductivit\u00e9 hydraulique\" \/>\n<meta property=\"og:url\" content=\"http:\/\/nagare.tech\/?page_id=1437\" \/>\n<meta property=\"og:site_name\" content=\"NAGARE\" \/>\n<meta property=\"article:modified_time\" content=\"2023-11-13T10:43:09+00:00\" \/>\n<meta property=\"og:image\" content=\"http:\/\/nagare.tech\/wp-content\/uploads\/2023\/07\/fluxxa-scaled.jpg\" \/>\n<meta name=\"twitter:card\" content=\"summary_large_image\" \/>\n<script type=\"application\/ld+json\" class=\"yoast-schema-graph\">{\"@context\":\"https:\\\/\\\/schema.org\",\"@graph\":[{\"@type\":\"WebPage\",\"@id\":\"http:\\\/\\\/nagare.tech\\\/?page_id=1437\",\"url\":\"http:\\\/\\\/nagare.tech\\\/?page_id=1437\",\"name\":\"G\u00e9otechnique - NAGARE\",\"isPartOf\":{\"@id\":\"http:\\\/\\\/nagare.tech\\\/#website\"},\"primaryImageOfPage\":{\"@id\":\"http:\\\/\\\/nagare.tech\\\/?page_id=1437#primaryimage\"},\"image\":{\"@id\":\"http:\\\/\\\/nagare.tech\\\/?page_id=1437#primaryimage\"},\"thumbnailUrl\":\"http:\\\/\\\/nagare.tech\\\/wp-content\\\/uploads\\\/2023\\\/07\\\/fluxxa-scaled.jpg\",\"datePublished\":\"2023-08-03T08:46:05+00:00\",\"dateModified\":\"2023-11-13T10:43:09+00:00\",\"breadcrumb\":{\"@id\":\"http:\\\/\\\/nagare.tech\\\/?page_id=1437#breadcrumb\"},\"inLanguage\":\"fr-FR\",\"potentialAction\":[{\"@type\":\"ReadAction\",\"target\":[\"http:\\\/\\\/nagare.tech\\\/?page_id=1437\"]}]},{\"@type\":\"ImageObject\",\"inLanguage\":\"fr-FR\",\"@id\":\"http:\\\/\\\/nagare.tech\\\/?page_id=1437#primaryimage\",\"url\":\"http:\\\/\\\/nagare.tech\\\/wp-content\\\/uploads\\\/2023\\\/07\\\/fluxxa-scaled.jpg\",\"contentUrl\":\"http:\\\/\\\/nagare.tech\\\/wp-content\\\/uploads\\\/2023\\\/07\\\/fluxxa-scaled.jpg\",\"width\":2560,\"height\":1857},{\"@type\":\"BreadcrumbList\",\"@id\":\"http:\\\/\\\/nagare.tech\\\/?page_id=1437#breadcrumb\",\"itemListElement\":[{\"@type\":\"ListItem\",\"position\":1,\"name\":\"Accueil\",\"item\":\"http:\\\/\\\/nagare.tech\\\/\"},{\"@type\":\"ListItem\",\"position\":2,\"name\":\"G\u00e9otechnique\"}]},{\"@type\":\"WebSite\",\"@id\":\"http:\\\/\\\/nagare.tech\\\/#website\",\"url\":\"http:\\\/\\\/nagare.tech\\\/\",\"name\":\"NAGARE\",\"description\":\"Monitoring des flux d&#039;eau souterraines\",\"publisher\":{\"@id\":\"http:\\\/\\\/nagare.tech\\\/#organization\"},\"potentialAction\":[{\"@type\":\"SearchAction\",\"target\":{\"@type\":\"EntryPoint\",\"urlTemplate\":\"http:\\\/\\\/nagare.tech\\\/?s={search_term_string}\"},\"query-input\":{\"@type\":\"PropertyValueSpecification\",\"valueRequired\":true,\"valueName\":\"search_term_string\"}}],\"inLanguage\":\"fr-FR\"},{\"@type\":\"Organization\",\"@id\":\"http:\\\/\\\/nagare.tech\\\/#organization\",\"name\":\"NAGARE\",\"url\":\"http:\\\/\\\/nagare.tech\\\/\",\"logo\":{\"@type\":\"ImageObject\",\"inLanguage\":\"fr-FR\",\"@id\":\"http:\\\/\\\/nagare.tech\\\/#\\\/schema\\\/logo\\\/image\\\/\",\"url\":\"http:\\\/\\\/nagare.tech\\\/wp-content\\\/uploads\\\/2022\\\/09\\\/cropped-Untitled-1.gif\",\"contentUrl\":\"http:\\\/\\\/nagare.tech\\\/wp-content\\\/uploads\\\/2022\\\/09\\\/cropped-Untitled-1.gif\",\"width\":852,\"height\":852,\"caption\":\"NAGARE\"},\"image\":{\"@id\":\"http:\\\/\\\/nagare.tech\\\/#\\\/schema\\\/logo\\\/image\\\/\"}}]}<\/script>\n<!-- \/ Yoast SEO plugin. -->","yoast_head_json":{"title":"G\u00e9otechnique - NAGARE","robots":{"index":"index","follow":"follow","max-snippet":"max-snippet:-1","max-image-preview":"max-image-preview:large","max-video-preview":"max-video-preview:-1"},"canonical":"http:\/\/nagare.tech\/?page_id=1437","og_locale":"fr_FR","og_type":"article","og_title":"G\u00e9otechnique - NAGARE","og_description":"Nagar\u00e9 mesure de fa\u00e7on pr\u00e9cise les d\u00e9bits naturels d&rsquo;eau souterraine, ce qui permet de dimensionner au mieux toutes sortes d&rsquo;ouvrages g\u00e9otechniques. \u00a0 Monitoring et dimensionnement de barri\u00e8re hydraulique Calibration de mod\u00e8le hydrog\u00e9ologique Cong\u00e9lation du sol D\u00e9terminer la conductivit\u00e9 hydraulique","og_url":"http:\/\/nagare.tech\/?page_id=1437","og_site_name":"NAGARE","article_modified_time":"2023-11-13T10:43:09+00:00","og_image":[{"url":"http:\/\/nagare.tech\/wp-content\/uploads\/2023\/07\/fluxxa-scaled.jpg","type":"","width":"","height":""}],"twitter_card":"summary_large_image","schema":{"@context":"https:\/\/schema.org","@graph":[{"@type":"WebPage","@id":"http:\/\/nagare.tech\/?page_id=1437","url":"http:\/\/nagare.tech\/?page_id=1437","name":"G\u00e9otechnique - NAGARE","isPartOf":{"@id":"http:\/\/nagare.tech\/#website"},"primaryImageOfPage":{"@id":"http:\/\/nagare.tech\/?page_id=1437#primaryimage"},"image":{"@id":"http:\/\/nagare.tech\/?page_id=1437#primaryimage"},"thumbnailUrl":"http:\/\/nagare.tech\/wp-content\/uploads\/2023\/07\/fluxxa-scaled.jpg","datePublished":"2023-08-03T08:46:05+00:00","dateModified":"2023-11-13T10:43:09+00:00","breadcrumb":{"@id":"http:\/\/nagare.tech\/?page_id=1437#breadcrumb"},"inLanguage":"fr-FR","potentialAction":[{"@type":"ReadAction","target":["http:\/\/nagare.tech\/?page_id=1437"]}]},{"@type":"ImageObject","inLanguage":"fr-FR","@id":"http:\/\/nagare.tech\/?page_id=1437#primaryimage","url":"http:\/\/nagare.tech\/wp-content\/uploads\/2023\/07\/fluxxa-scaled.jpg","contentUrl":"http:\/\/nagare.tech\/wp-content\/uploads\/2023\/07\/fluxxa-scaled.jpg","width":2560,"height":1857},{"@type":"BreadcrumbList","@id":"http:\/\/nagare.tech\/?page_id=1437#breadcrumb","itemListElement":[{"@type":"ListItem","position":1,"name":"Accueil","item":"http:\/\/nagare.tech\/"},{"@type":"ListItem","position":2,"name":"G\u00e9otechnique"}]},{"@type":"WebSite","@id":"http:\/\/nagare.tech\/#website","url":"http:\/\/nagare.tech\/","name":"NAGARE","description":"Monitoring des flux d&#039;eau souterraines","publisher":{"@id":"http:\/\/nagare.tech\/#organization"},"potentialAction":[{"@type":"SearchAction","target":{"@type":"EntryPoint","urlTemplate":"http:\/\/nagare.tech\/?s={search_term_string}"},"query-input":{"@type":"PropertyValueSpecification","valueRequired":true,"valueName":"search_term_string"}}],"inLanguage":"fr-FR"},{"@type":"Organization","@id":"http:\/\/nagare.tech\/#organization","name":"NAGARE","url":"http:\/\/nagare.tech\/","logo":{"@type":"ImageObject","inLanguage":"fr-FR","@id":"http:\/\/nagare.tech\/#\/schema\/logo\/image\/","url":"http:\/\/nagare.tech\/wp-content\/uploads\/2022\/09\/cropped-Untitled-1.gif","contentUrl":"http:\/\/nagare.tech\/wp-content\/uploads\/2022\/09\/cropped-Untitled-1.gif","width":852,"height":852,"caption":"NAGARE"},"image":{"@id":"http:\/\/nagare.tech\/#\/schema\/logo\/image\/"}}]}},"featured_media_urls":[],"_links":{"self":[{"href":"http:\/\/nagare.tech\/index.php?rest_route=\/wp\/v2\/pages\/1437","targetHints":{"allow":["GET"]}}],"collection":[{"href":"http:\/\/nagare.tech\/index.php?rest_route=\/wp\/v2\/pages"}],"about":[{"href":"http:\/\/nagare.tech\/index.php?rest_route=\/wp\/v2\/types\/page"}],"author":[{"embeddable":true,"href":"http:\/\/nagare.tech\/index.php?rest_route=\/wp\/v2\/users\/1"}],"replies":[{"embeddable":true,"href":"http:\/\/nagare.tech\/index.php?rest_route=%2Fwp%2Fv2%2Fcomments&post=1437"}],"version-history":[{"count":19,"href":"http:\/\/nagare.tech\/index.php?rest_route=\/wp\/v2\/pages\/1437\/revisions"}],"predecessor-version":[{"id":1752,"href":"http:\/\/nagare.tech\/index.php?rest_route=\/wp\/v2\/pages\/1437\/revisions\/1752"}],"wp:attachment":[{"href":"http:\/\/nagare.tech\/index.php?rest_route=%2Fwp%2Fv2%2Fmedia&parent=1437"}],"curies":[{"name":"wp","href":"https:\/\/api.w.org\/{rel}","templated":true}]}}